f 26208/108 + ((-4)/3)/2?
2, 11
Let f(n) = -n**3 - 5*n**2 + 5*n - 2. Suppose 0*q = 3*q - 6. Suppose -30 = 5*v - o, -5*o = q*v + v + 18. What are the prime factors of f(v)?
2
Let s(h) = -5*h**2 - 7*h + 15. Let t(b) = -4*b**2 - 8*b + 14. Let m(g) = 5*s(g) - 6*t(g). What are the prime factors of m(11)?
13
Let g be (-16)/(1 + (-2 - -2)). Let y be (30/(-12))/(2/g). Let r = -14 + y. What are the prime factors of r?
2, 3
Let m(n) = n**2 - 5*n - 5. List the prime factors of m(-4).
31
Let x(u) = u**2 + 11*u - 9. Let t(a) = 6*a**2 + 56*a - 46. Let b(d) = 3*t(d) - 16*x(d). What are the prime factors of b(5)?
2
Suppose 5*a + 4*c - 313 = 0, -5*c = 4*a - 305 + 51. What are the prime factors of a?
61
Let w(r) = -r + 29. List the prime factors of w(0).
29
What are the prime factors of -1 - -2*(3 - -132)?
269
Let y(a) = -a**2 - 10*a - 5. Let k be y(-9). Let s = 15 - k. What are the prime factors of s?
11
Suppose 3*x + 4*x - 896 = 0. List the prime factors of x.
2
List the prime factors of 42/((-11)/(-2) + -4).
2, 7
Let b be (10/6)/(30/108). What are the prime factors of (-4 - 2)*(-33)/b?
3, 11
Suppose 2*j - 229 = -5*p + j, 5*p + 3*j = 237. List the prime factors of p.
3, 5
Let t = 98 + -41. What are the prime factors of t?
3, 19
Let q = -23 - -15. Let u = q + 11. List the prime factors of u.
3
Let y = 2 + 4. Suppose 3*s = -3, 2*s - y*s + 52 = 2*z. Suppose 2*c = -3*v + 14, -4*v - c + 3*c = -z. List the prime factors of v.
2, 3
Let p = 105 - 59. What are the prime factors of p?
2, 23
Let p(o) = -4*o + 5*o + 3*o - 5*o. Let g be ((-8)/10)/((-1)/(-5)). What are the prime factors of p(g)?
2
Suppose -c + 30 = -27. Let z = c + -27. Suppose 0 = 2*a - q - 35, -3*a + 2*a + 3*q = -z. List the prime factors of a.
3, 5
What are the prime factors of (-149 + 0)*-1 + (4 - 0)?
3, 17
Let l = 165 + -113. List the prime factors of l.
2, 13
Suppose -y + 114 = b, -2*y + 3*b + 463 = 2*y. What are the prime factors of y?
5, 23
Let p = 222 + -156. List the prime factors of p.
2, 3, 11
Let d = -8 + 6. List the prime factors of (d + (-15)/(-6))*46.
23
Let y be (8/(-3))/(4/(-6)). Suppose g = y*g - 6. Suppose 0 = 3*h - g*h - 4. List the prime factors of h.
2
Suppose -2*q - 108 = -g, -3*q + 324 = 3*g - 0*q. What are the prime factors of g?
2, 3
Suppose -5*a + 13 = 3*g - 20, -a = 2*g - 15. Let s = g - -18. What are the prime factors of s?
2, 3
Suppose 6*x - 394 = 110. What are the prime factors of x?
2, 3, 7
Let r(n) = -12*n - 4. List the prime factors of r(-4).
2, 11
Suppose 0 = 4*p - 610 + 138. What are the prime factors of p?
2, 59
Let z be 281/9 - 6/27. Let g = 52 - z. List the prime factors of g.
3, 7
Let n(b) = -b**2 + 10*b - 7. Let u be n(9). Suppose 13 - 49 = -u*m. What are the prime factors of m?
2, 3
Suppose 4*c - j = -83, 3*j = 2*c - c + 29. Let i = c - -55. List the prime factors of i.
5, 7
Let g = -52 + 223. What are the prime factors of g?
3, 19
Let x(r) = -r**3 + 7*r**2 + 4*r - 9. Let k = -3 + 10. List the prime factors of x(k).
19
Suppose 0 = t + 3*k - 40, -3*t = -5*t + 4*k + 40. Suppose -t = -2*l - 0*l. What are the prime factors of l?
2, 7
Let l(p) = 4*p**2 - p - 1. Let q be l(-1). Suppose 3*t + 0*t + q*w - 38 = 0, 5*t + w = 69. List the prime factors of t.
2, 7
Let p be (-3)/2 - 6/12. What are the prime factors of p/6*(-47 - 4)?
17
Suppose z + 3*z = 3*a + 46, -3*z + a + 32 = 0. What are the prime factors of z/4*24/15?
2
Suppose 3*r + 4 = -11, 0 = 4*j + 2*r - 126. Suppose -3*d + 5*q = -j, 2*q + 27 = 4*d - 23. What are the prime factors of d?
13
Let a be 5 - -1 - (3 - 0). Suppose -5*b - 3*p = a - 47, -3*b + p + 32 = 0. What are the prime factors of b?
2, 5
Suppose -3*q + 0*d = d - 16, 0 = q + 5*d - 24. Suppose 2*t + 5*m + q - 29 = 0, -t + m + 16 = 0. What are the prime factors of t?
3, 5
Let q(o) = -o**3 - 13*o**2 + 11. List the prime factors of q(-13).
11
Let p = 80 + -44. Suppose -p = -2*c - c. Suppose 4*f - c = f. What are the prime factors of f?
2
Suppose -20 = -z - 5. Let r = z + -11. Suppose r*a - 14 - 6 = 0. List the prime factors of a.
5
Let d be (-1)/(-2 + 39/21). Let l = -12 - -21. Suppose l = 4*h - d. What are the prime factors of h?
2
Suppose -5*d + a + 24 = 0, 5*d = -0*d - 5*a. Let p(q) = q**2 - 4*q**2 + 5*q + 2*q**2 - 2. List the prime factors of p(d).
2
What are the prime factors of 54/36*128/3?
2
Let f be (-30)/(-4 - (-29)/8). Suppose 0*j - 5*j + f = 0. What are the prime factors of j?
2
Let k(y) = y**3 + 2*y**2 + 2*y + 1. Let o be k(-1). Let j = 12 + o. List the prime factors of j.
2, 3
Let i = 1 + 3. Let q be ((-2)/i)/(3/12). Let h(l) = -4*l - 2. What are the prime factors of h(q)?
2, 3
Suppose -3*q - 340 = -7*q - 2*f, -265 = -3*q - 4*f. List the prime factors of q.
83
Suppose 0 = -0*v + 4*v + z - 10, 3*z + 6 = 0. Suppose -20 = -v*n + 4*t + 2, -5*n = 5*t - 95. What are the prime factors of n?
2, 7
Suppose -4*n = -2*n + 6. Let v = -3 - n. Suppose 0 = -4*h - v*h + 12. What are the prime factors of h?
3
Let l(b) = 2*b**2 - 11*b + 1. Let j(g) = g**2 - 1. Let a(c) = -3*j(c) + l(c). Let d be a(-6). Suppose -z = -3*z + d. List the prime factors of z.
17
Let b be (-2 + 2 - 1)*0. List the prime factors of b + 9 + 0 - 0.
3
Let i = 2 + 3. Suppose -i*k + 52 = -k. List the prime factors of k.
13
Let b(r) be the second derivative of -3*r**3/2 + r**2/2 - 6*r. List the prime factors of b(-1).
2, 5
Suppose i - 1 + 2 = 0. Let m = i + 17. List the prime factors of m.
2
Let d(i) = 29*i + 1. Let p be d(3). Suppose 6*u - p = 2*u. List the prime factors of u.
2, 11
Let s = -132 - -251. List the prime factors of s.
7, 17
Suppose 6 = -2*m, -p - 5*m + 10 = 4*p. Let r(j) = j**2 - j + 3. Let y be r(0). Suppose 28 = 4*s - 2*z, -5*s = p*z - y - 2. What are the prime factors of s?
5
Let p be (-11207)/(-56) - 1/8. Suppose 3*u = 8*u - p. What are the prime factors of u?
2, 5
Suppose x = -0*x + 1. Let k be (-2)/(2/5*x). List the prime factors of (4/6)/(k/(-30)).
2
Suppose 0 = 5*p - 5*l - 190, -3*p + 2*p + 42 = -3*l. What are the prime factors of p?
2, 3
Suppose -2 = -3*g + 4. Suppose -3 = g*o - o. What are the prime factors of 9/((o/2)/(-1))?
2, 3
Let x = 5 + 4. What are the prime factors of x?
3
Let o(z) = 5 + 0 + 0 + 5*z - 8. List the prime factors of o(5).
2, 11
Suppose 0*l - 3 = -3*l, 4*w - 904 = -4*l. List the prime factors of w.
3, 5
Suppose -4*v + 6 = -5*v. Let g(l) = l**3 + 7*l**2 + 3*l + 1. What are the prime factors of g(v)?
19
Let h(w) = -w**3 - 7*w**2 + 15*w - 2. List the prime factors of h(-9).
5
Suppose 179 = 4*i + 23. List the prime factors of i.
3, 13
Let o = 52 - 16. List the prime factors of o.
2, 3
Suppose 4*b + 216 = 4*a, -3*b + 54 = a - 0*b. What are the prime factors of a?
2, 3
Suppose c = -4*r - 18, -2*r + r = 3*c + 87. Let i = c + 53. List the prime factors of i.
23
Let h(u) = u. Let g(k) = 10*k - 7. Let m(n) = -g(n) + 6*h(n). Let c(r) = 5*r - 6. Let w(y) = 5*c(y) + 6*m(y). List the prime factors of w(-5).
7
Suppose 2*f - f = 5*m + 31, -4*m + 49 = f. List the prime factors of f.
41
Let s = 131 + -83. Let o = 82 - s. List the prime factors of o.
2, 17
Let k be 16/3 - 2/(-3). What are the prime factors of (k/(-2) - 5)*-2?
2
Let m be (-1244)/(-10) - (-21)/35. Suppose -16 = -4*r + n + 89, -4*r + 5*n + m = 0. List the prime factors of r.
5
Let k(o) = 2*o + 8. List the prime factors of k(8).
2, 3
Let f be -1*(-2 + -3 + 3). Suppose -5*z - f*t + 6*t + 140 = 0, -5*z - 5*t = -95. List the prime factors of z.
2, 3
Let i(h) = -9*h - 39. What are the prime factors of i(-7)?
2, 3
Let g be 1 + -2 - 2*-3. Suppose 2*a - 32 = -a - u, -50 = -4*a - g*u. What are the prime factors of a?
2, 5
Let g(p) = 19*p - 25. What are the prime factors of g(7)?
2, 3
Suppose 2*f = -3*f + 80. List the prime factors of (25 + 0)*f/20.
2, 5
Let g(l) = -2*l**3 - 3*l**2 - 4*l - 4. Let n be g(-3). Let i = n - 11. List the prime factors of i.
2, 3
Suppose -40 = -3*o + 50. What are the prime factors of o?
2, 3, 5
Suppose -2*a = -3*n - 94, 3*n + 0*n + 141 = 3*a. What are the prime factors of a?
47
Let k = 12 + -8. List the prime factors of -1 + k - (-74)/2.
2, 5
Suppose 20 = j + 3*t - 10, -2*j + 3*t + 42 = 0. List the prime factors of j.
2, 3
Let l(u) = 4*u**3 + 3*u**2 + 2*u. Let k be l(-2). Let y = k + 41. Let x = y + -4. List the prime factors of x.
13
Let x(i) = -i**2 - 32*i - 2. List the prime factors 